
In base 5, what is -3 + 1320141142?
1320141134
In base 9, what is -14251 - 1765?
-16126
In base 11, what is 917 + -20188?
-1a371
In base 2, what is -111100110 + -11110001000000011?
-11110001111101001
In base 3, what is 2201200202 + -2120?
2201121012
In base 12, what is 28b254 - 26?
28b22a
In base 7, what is 1023 + -24505?
-23452
In base 5, what is -22300412034 - -2?
-22300412032
In base 8, what is 2735742015 + -1?
2735742014
In base 16, what is -3 + -197fcdc?
-197fcdf
In base 16, what is -4 + -6fc9bf2?
-6fc9bf6
In base 2, what is -11010 + 110001111000001001011100?
110001111000001001000010
In base 12, what is 39 + -1a3a4aa?
-1a3a471
In base 11, what is -38 + 33831?
337a4
In base 9, what is 745 - 22643?
-21787
In base 10, what is -2 - -49435866?
49435864
In base 16, what is -1006 - 675?
-167b
In base 6, what is 101224 + -40224?
21000
In base 5, what is 3 + -1101122143?
-1101122140
In base 10, what is 161547 - 67?
161480
In base 6, what is -432323314 - -2?
-432323312
In base 14, what is 49ad367 + -1?
49ad366
In base 7, what is -1651134 - -334?
-1650500
In base 8, what is -1 - 112021473?
-112021474
In base 10, what is -12 - -3228611?
3228599
In base 5, what is 1131411143 - 12?
1131411131
In base 5, what is -10024000 + 4302?
-10014143
In base 16, what is -2 - -232c2cf?
232c2cd
In base 14, what is -508b - -cd?
-4d9c
In base 14, what is b00 + -5b54?
-5054
In base 12, what is 8882 + -10a49?
-4187
In base 15, what is 12ac - -1d215?
1e4c2
In base 14, what is 1 + b81273?
b81274
In base 10, what is 262 - 36168?
-35906
In base 16, what is -9 + -4fccbd?
-4fccc6
In base 15, what is -15354cc - -1a?
-15354b2
In base 5, what is -1132232400 + 3?
-1132232342
In base 11, what is -117a5 - 1025?
-1281a
In base 11, what is 4 - -90a184a?
90a1853
In base 11, what is -259 - 240a3?
-24351
In base 14, what is -15c69ac - 7?
-15c69b5
In base 3, what is 102021 - 1001101021?
-1000222000
In base 14, what is -5 - 6893c7?
-6893cc
In base 11, what is 1379a9a4 - 2?
1379a9a2
In base 16, what is -5 - -7a6fd84?
7a6fd7f
In base 5, what is 12321044 - -44?
12321143
In base 5, what is 212323 + -11430400?
-11213022
In base 16, what is -3c5c8fc - -2?
-3c5c8fa
In base 14, what is -12 - 59734?
-59746
In base 7, what is 5436 + -2053112?
-2044343
In base 9, what is -58136 + 38?
-58087
In base 9, what is -1 - -224382774?
224382773
In base 3, what is -210111112 - -20122?
-210020220
In base 14, what is 3914c - 3c?
39110
In base 5, what is -2001 + 32413201?
32411200
In base 13, what is 6567c01 - 4?
6567bca
In base 6, what is 5 - 4115312413?
-4115312404
In base 5, what is 10 - 23104022041?
-23104022031
In base 16, what is -2e7230 - 52?
-2e7282
In base 10, what is -222 + -414132?
-414354
In base 14, what is -11 + 12a97a?
12a969
In base 3, what is 110210202000022 - -12?
110210202000111
In base 8, what is -636 + -62110?
-62746
In base 7, what is 53600 + -322?
53245
In base 9, what is 1 + 18416671?
18416672
In base 5, what is -23411420242 + -13?
-23411420310
In base 10, what is 9261 + 2807?
12068
In base 11, what is -a3a71009 - 1?
-a3a7100a
In base 11, what is -15596 - -537?
-1505a
In base 8, what is 4 + 10732100?
10732104
In base 7, what is 14350630 - 162?
14350435
In base 13, what is 2b60 + 1924?
4784
In base 5, what is 1104 + 113031011?
113032120
In base 15, what is -eae + -3aa76?
-3ba35
In base 3, what is 222101 + 121122120022?
121200112200
In base 5, what is 300031430031 + 10?
300031430041
In base 14, what is -33 - 15ca1?
-15cd4
In base 6, what is -3323253143 + -12?
-3323253155
In base 8, what is 10 - -150677400?
150677410
In base 4, what is -22 - -103303323010?
103303322322
In base 7, what is -366046 - -666?
-365050
In base 5, what is 24210132343 - 10?
24210132333
In base 13, what is 6 - 6c85b?
-6c855
In base 6, what is -1224112400 + 5?
-1224112351
In base 6, what is 25215 - -303113?
332332
In base 4, what is 133 - 131220302?
-131220103
In base 14, what is 60163989 - 0?
60163989
In base 8, what is 41447504 - -5?
41447511
In base 8, what is 3 - 1174766042?
-1174766037
In base 13, what is 1b0 - -19cb0?
1a190
In base 13, what is -16c8b78 + -a3?
-16c8c4b
In base 14, what is 4 + cd5991?
cd5995
In base 6, what is 11 + -1111205?
-1111154
In base 12, what is 2813 - 82?
2751
In base 7, what is 2352636515 + 2?
2352636520
In base 7, what is -266656 + -1163?
-301152
In base 8, what is -4113 - -6272?
2157
In base 9, what is 5 + -443851?
-443845
In base 4, what is 11 - -1103030001?
1103030012
In base 10, what is -3019 + -1812?
-4831
In base 2, what is 101001111 + -11011101001110011?
-11011100100100100
In base 7, what is 44 + -2630602?
-2630525
In base 7, what is 13061 + -4565?
5163
In base 9, what is -8 - -48542724?
48542715
In base 12, what is -2 - -152a2795?
152a2793
In base 10, what is 317 + 1667529?
1667846
In base 13, what is -65b9515 + -1?
-65b9516
In base 5, what is 132032203 + 3143?
132040401
In base 7, what is 43 - 4061656?
-4061613
In base 11, what is 2aa364 + 240?
2aa5a4
In base 2, what is 10010110000001 + 1101001001111100?
1111011111111101
In base 13, what is -906208 - -2?
-906206
In base 2, what is -10 - -1001001111100000110111?
1001001111100000110101
In base 12, what is 102669 + 45?
1026b2
In base 12, what is -64038 - -3563?
-60695
In base 13, what is 14a617a + 6?
14a6183
In base 5, what is -43 + 1120204130?
1120204032
In base 16, what is -4d48c + -36?
-4d4c2
In base 11, what is -374 - 555495?
-555859
In base 15, what is -709 + 552e?
4d25
In base 11, what is -9570304 - -1?
-9570303
In base 3, what is 10021111011200011 + -1?
10021111011200010
In base 3, what is 211220022 - 2020?
211211002
In base 8, what is -202547060 - -7?
-202547051
In base 9, what is 47 - 16301?
-16243
In base 10, what is -1664468 - -11?
-1664457
In base 11, what is 196 + -93913?
-93728
In base 4, what is 2 - 111213021121?
-111213021113
In base 4, what is 221330300 + 131?
221331031
In base 16, what is -728 - -1655?
f2d
In base 11, what is -2 - -635a0206?
635a0204
In base 9, what is 226261 - -71?
226342
In base 9, what is 24 + -42348?
-42324
In base 16, what is 127 - d68?
-c41
In base 9, what is -222368 - -273?
-222085
In base 5, what is -14340342 - 12044?
-14402441
In base 14, what is 13b74dc48 - 1?
13b74dc47
In base 15, what is 3ce8 - -10dee?
14be7
In base 8, what is -60764556 - 52?
-60764630
In base 8, what is -5432162 + -1?
-5432163
In base 10, what is 16711496 - 0?
16711496
In base 10, what is 12 - -115236?
115248
In base 12, what is 4b1 + 43983?
44274
In base 12, what is 3abb - -6b?
3b6a
In base 12, what is b5 + -25893?
-2579a
In base 7, what is -15612141554 + 2?
-15612141552
In base 6, what is 4401210 - 535?
4400231
In base 16, what is -967d - 18?
-9695
In base 7, what is 2425 - -105166?
110624
In base 15, what is -2bc + -25b340?
-25b60c
In base 7, what is -1 + 606161613?
606161612
In base 2, what is 11100111011001 + -111111110?
11011111011011
In base 3, what is -21120 - 22112000101202?
-22112000200022
In base 7, what is -1115100103 + -3?
-1115100106
In base 4, what is 30232 + -322302?
-232010
In base 12, what is -5 - 10445783?
-10445788
In base 4, what is 131313 - -333002?
1130321
In base 9, what is 48544 - 12?
48532
In base 14, what is -1a6 + 147a?
12b4
In base 3, what is 20112111001210 - 21?
20112111001112
In base 8, what is 15 - 1007460?
-1007443
In base 3, what is 12102101 - 121101?
11211000
In base 12, what is 1 + 38a40?
38a41
In base 10, what is -1344 - 376?
-1720
In base 14, what is 305a - -18?
3074
In base 12, what is -608b + 9b9?
-5292
In base 4, what is -2333300 + 1111?
-2332123
In base 2, what is -10010001110001 + 100111111101?
-1101001110100
In base 14, what is -38496 - -2b0?
-381c6
In base 6, what is 4302435 + 1?
4302440
In base 15, what is 1434bb - -e?
1434ca
In base 4, what is -3323 - -322313020?
322303031
In base 11, what is 21 + 1798471?
1798492
In base 8, what is 2602017 + -2?
2602015
In base 6, what is 12541 - 10545155?
-10532214
In base 4, what is 0 - -10201210301232?
10201210301232
In base 12, what is 2a28 + 11338?
14164
In base 10, what is 21 - 14673453?
-14673432
In base 3, what is -1012022 - 10202020111?
-10210102210
In base 12, what is -3 - -24a15a80?
24a15a79
In base 2, what is -1011101001011001 - -10110111011?
-1011010010011110
In base 4, what is 1021330230 - -101?
1021330331
In base 7, w